{"id":9930,"date":"2022-02-24T00:28:07","date_gmt":"2022-02-24T03:28:07","guid":{"rendered":"https:\/\/lavits.bemvindo.co\/pesquisa\/whatsapp-como-ferramenta-politica\/"},"modified":"2022-07-23T15:02:08","modified_gmt":"2022-07-23T18:02:08","slug":"whatsapp-como-ferramenta-politica","status":"publish","type":"pesquisa","link":"https:\/\/lavits.org\/es\/pesquisa\/whatsapp-como-ferramenta-politica\/","title":{"rendered":"WhatsApp como ferramenta pol\u00edtica"},"content":{"rendered":"<p>A pesquisa realizada ao longo do ano de 2019 e com alguns desdobramentos em 2020 teve por objetivo analisar o papel do aplicativo de comunica\u00e7\u00e3o instant\u00e2nea do Facebook no cen\u00e1rio pol\u00edtico brasileiro, em especial nas elei\u00e7\u00f5es de 2018, que elegeram Jair Bolsonaro presidente. Foi analisado o material disponibilizado pela plataforma \u201cMonitor do WhatsApp\u201d (colocar refer\u00eancia), que consiste no conte\u00fado compartilhado em v\u00e1rios grupos p\u00fablicos de WhatsApp voltados para a propaganda pol\u00edtica no per\u00edodo eleitoral. Como forma de produzir uma metodologia a ser aplicada sobre todo o material disponibilizado do per\u00edodo de campanha, foi analisado o conte\u00fado que circulou na \u00faltima semana antes das elei\u00e7\u00f5es. Foram testados m\u00e9todos como an\u00e1lise lexical, produ\u00e7\u00e3o de redes de correla\u00e7\u00e3o entre os conte\u00fados e os grupos nos quais foram compartilhados e tamb\u00e9m a an\u00e1lise qualitativa e estat\u00edstica das postagens. Os resultados dessa fase inicial da pesquisa ainda est\u00e3o sendo tratados para a publica\u00e7\u00e3o.<\/p>\n","protected":false},"featured_media":11047,"template":"","categoria_de_pesquisa":[1082],"tematica":[857,886,1118,1091,940],"tipo":[],"destaque":[],"class_list":["post-9930","pesquisa","type-pesquisa","status-publish","has-post-thumbnail","hentry","categoria_de_pesquisa-proyecto-de-investigacion","tematica-algoritmos-politica-es","tematica-desinformacao-es","tematica-metodos-digitais-es","tematica-plataformas-es","tematica-tecnopoliticas-es"],"blocksy_meta":{"styles_descriptor":{"styles":{"desktop":"","tablet":"","mobile":""},"google_fonts":[],"version":6}},"acf":[],"_links":{"self":[{"href":"https:\/\/lavits.org\/es\/wp-json\/wp\/v2\/pesquisa\/9930","targetHints":{"allow":["GET"]}}],"collection":[{"href":"https:\/\/lavits.org\/es\/wp-json\/wp\/v2\/pesquisa"}],"about":[{"href":"https:\/\/lavits.org\/es\/wp-json\/wp\/v2\/types\/pesquisa"}],"wp:featuredmedia":[{"embeddable":true,"href":"https:\/\/lavits.org\/es\/wp-json\/wp\/v2\/media\/11047"}],"wp:attachment":[{"href":"https:\/\/lavits.org\/es\/wp-json\/wp\/v2\/media?parent=9930"}],"wp:term":[{"taxonomy":"categoria_de_pesquisa","embeddable":true,"href":"https:\/\/lavits.org\/es\/wp-json\/wp\/v2\/categoria_de_pesquisa?post=9930"},{"taxonomy":"tematica","embeddable":true,"href":"https:\/\/lavits.org\/es\/wp-json\/wp\/v2\/tematica?post=9930"},{"taxonomy":"tipo","embeddable":true,"href":"https:\/\/lavits.org\/es\/wp-json\/wp\/v2\/tipo?post=9930"},{"taxonomy":"destaque","embeddable":true,"href":"https:\/\/lavits.org\/es\/wp-json\/wp\/v2\/destaque?post=9930"}],"curies":[{"name":"wp","href":"https:\/\/api.w.org\/{rel}","templated":true}]}}

WhatsApp como ferramenta política

<p>A pesquisa realizada ao longo do ano de 2019 e com alguns desdobramentos em 2020 teve por objetivo analisar o papel do aplicativo de comunicação instantânea do Facebook no cenário político brasileiro, em especial nas eleições de 2018, que elegeram Jair Bolsonaro presidente. Foi analisado o material disponibilizado pela plataforma “Monitor do WhatsApp” (colocar referência), que consiste no conteúdo compartilhado em vários grupos públicos de WhatsApp voltados para a propaganda política no período eleitoral. Como forma de produzir uma metodologia a ser aplicada sobre todo o material disponibilizado do período de campanha, foi analisado o conteúdo que circulou na última semana antes das eleições. Foram testados métodos como análise lexical, produção de redes de correlação entre os conteúdos e os grupos nos quais foram compartilhados e também a análise qualitativa e estatística das postagens. Os resultados dessa fase inicial da pesquisa ainda estão sendo tratados para a publicação.</p>
